{"id":9,"date":"2020-09-16T11:17:48","date_gmt":"2020-09-16T09:17:48","guid":{"rendered":"https:\/\/pagesperso.g-scop.grenoble-inp.fr\/maudrio\/?page_id=9"},"modified":"2025-07-11T17:56:57","modified_gmt":"2025-07-11T15:56:57","slug":"publications","status":"publish","type":"page","link":"https:\/\/pagesperso.g-scop.grenoble-inp.fr\/maudrio\/publications\/","title":{"rendered":"Publications and Curriculum Vitae"},"content":{"rendered":"\n<p><a href=\"https:\/\/cv.archives-ouvertes.fr\/maud-rio\" data-type=\"URL\" data-id=\"https:\/\/cv.archives-ouvertes.fr\/maud-rio\" target=\"_blank\" rel=\"noreferrer noopener\">Publication sur HAL<\/a><\/p>\n\n\n\n<p><a href=\"https:\/\/haltools.archives-ouvertes.fr\/Public\/afficheRequetePubli.php?auteur_exp=Maud+RIO&amp;labos_exp=G-SCOP&amp;CB_auteur=oui&amp;CB_titre=oui&amp;CB_article=oui&amp;langue=Anglais&amp;tri_exp=annee_publi&amp;tri_exp2=typdoc&amp;tri_exp3=date_publi&amp;ordre_aff=TA&amp;Fen=Aff&amp;css=..\/css\/VisuRubriqueEncadre.css\" data-type=\"URL\" data-id=\"https:\/\/haltools.archives-ouvertes.fr\/Public\/afficheRequetePubli.php?auteur_exp=Maud+RIO&amp;labos_exp=G-SCOP&amp;CB_auteur=oui&amp;CB_titre=oui&amp;CB_article=oui&amp;langue=Anglais&amp;tri_exp=annee_publi&amp;tri_exp2=typdoc&amp;tri_exp3=date_publi&amp;ordre_aff=TA&amp;Fen=Aff&amp;css=..\/css\/VisuRubriqueEncadre.css\">Publications<\/a> list<\/p>\n\n\n\n<h1 class=\"wp-block-heading\">Curriculum Vitae<\/h1>\n\n\n\n<h2 class=\"wp-block-heading\">Diploma<\/h2>\n\n\n\n<ul class=\"wp-block-list\">\n<li><strong>2012: <\/strong>PhD in Ecodesign and Mechanical Design Engineering (Sustainability), Eco-design, Life Cycle Engineering, Mechanical Design Engineering UTT (France)<\/li>\n\n\n\n<li><strong>2009 &amp; 2008:<\/strong> Double Master degree: in Mechanical Engineering &amp; in Management in Sustainable<\/li>\n\n\n\n<li>Development, Life Cycle Engineering, Industrial Ecology UTT (France) <\/li>\n\n\n\n<li><strong>2005:<\/strong> University Degree in Sciences, UTT (France) <\/li>\n\n\n\n<li><strong>2003<\/strong><em>: <\/em>Scientific Bachelor, Mathematical, Lorient (France)<\/li>\n<\/ul>\n\n\n\n<h2 class=\"wp-block-heading\"><strong><mark style=\"background-color:#ffffff;color:#172035\" class=\"has-inline-color\">Title and current position<\/mark><\/strong><\/h2>\n\n\n\n<p><strong>Since 2014: Associate Professor<\/strong> Ma\u00eetresse de Conf\u00e9rences in 60e section : mechanical engineering &amp; sustainability at the G-SCOP Laboratory, Univ. Grenoble Alps (http:\/\/www.g-scop.grenoble-inp.fr)<\/p>\n\n\n\n<p><strong>From January 2013 to August 2014:<\/strong> <strong>Research Officer, Research Fellow<\/strong> at the Centre for Design and Society, RMIT University (https:\/\/www.rmit.edu.au)<\/p>\n\n\n\n<ul class=\"wp-block-list\">\n<li>Assessing the Carbon Footprint Scope 3 of RMIT University (2011 baseline)<\/li>\n\n\n\n<li>Plenty Food Group Project: resources efficiency tool development (http:\/\/www.directool.com.au)<\/li>\n\n\n\n<li>Sector Research and Higher Education, Sustainability &amp; Engineering<\/li>\n<\/ul>\n\n\n\n<p><strong>2013:<\/strong> <strong>Qualified in 60e section <\/strong>of the French University National Council (section 60 CNU)<\/p>\n\n\n\n<p><strong>Key words:<\/strong> Integrated Design, Ecodesign, Design to Environment, Circular Ecology<\/p>\n\n\n\n<figure class=\"wp-block-image size-full\"><img loading=\"lazy\" decoding=\"async\" width=\"795\" height=\"456\" src=\"https:\/\/pagesperso.g-scop.grenoble-inp.fr\/maudrio\/wp-content\/uploads\/sites\/13\/2023\/12\/image-3.png\" alt=\"\" class=\"wp-image-184\" srcset=\"https:\/\/pagesperso.g-scop.grenoble-inp.fr\/maudrio\/wp-content\/uploads\/sites\/13\/2023\/12\/image-3.png 795w, https:\/\/pagesperso.g-scop.grenoble-inp.fr\/maudrio\/wp-content\/uploads\/sites\/13\/2023\/12\/image-3-300x172.png 300w, https:\/\/pagesperso.g-scop.grenoble-inp.fr\/maudrio\/wp-content\/uploads\/sites\/13\/2023\/12\/image-3-768x441.png 768w, https:\/\/pagesperso.g-scop.grenoble-inp.fr\/maudrio\/wp-content\/uploads\/sites\/13\/2023\/12\/image-3-150x86.png 150w, https:\/\/pagesperso.g-scop.grenoble-inp.fr\/maudrio\/wp-content\/uploads\/sites\/13\/2023\/12\/image-3-250x143.png 250w\" sizes=\"auto, (max-width: 795px) 100vw, 795px\" \/><\/figure>\n\n\n\n<h2 class=\"wp-block-heading\">Main Research Projects and Work Package led since 2015<\/h2>\n\n\n\n<figure class=\"wp-block-table is-style-regular\"><table class=\"has-fixed-layout\"><tbody><tr><td><mark style=\"background-color:#ffffff\" class=\"has-inline-color\"><strong>2023-2026:<\/strong> UGA representative and contributions to Sub-Work Packages 3, 4 and 5 of the European EECONE project (Salary funding for: 1 PhD supervision \u2013 36 months &amp; 18 months of Research Eng.) <br><br><strong>2022-2025: <\/strong>Work Package 1 leader in PowerAlps Cross-Disciplinary Project IDEX \u2013 Ecodesign in Power Electronics (Salary funding for: 1 PhD supervision \u2013 36 months) 2021-2024: Work Package 3 leader in VIVAE AAPG2021 ANR PRCE Project &#8211; Integrated design process toward circular PE systems implementation (Salary funding for: 1 PhD supervision -36 months, 12 months Research Officer) <br><br><strong>2020-2021:<\/strong> Sabbatical international research project delivered by the French National University Council, for research exchanges with Lausanne Univ. in Switzerland (UNIL), Stockholm Resilience Centre in Sweden, Denmark Technical University (DTU) in Copenhagen, exploring the planetary boundary framework, absolute sustainability LCA, ecology thinking.<br><br><strong>2020-2022: <\/strong>Participant in the ET-LIOS project\u2013Enseignements Technologiques de LIcence Ouverts, related to the Sustainable and Responsible teaching for Engineering students. AAP ANR 2020<br><br><strong>2020-2021<\/strong>: Scientific coordinator of Sustainable Design Analysis on Territories: SustainLives (12,9 k\u20ac), EcoSD Collaborative research project 2020 with Apesa institute and EVEA<br><br><strong>2016-2019:<\/strong> Research Project coordination in WP5 (life cycle) on Glyco@Alps IDEX Grenoble CDP since 2017, <a href=\"https:\/\/glycoalps.univ-grenoble-alpes.fr\/\">https:\/\/glycoalps.univ-grenoble-alpes.fr<\/a><br><br><strong>2018-2019<\/strong>: scientific coordinator of pLayRoOM\u2013LcA Results chOice Maker (28k\u20ac), EcoSD Collaborative research project 2018 with Evea, EcoSD network (26k\u20ac)<br><br><strong>2015-2016:<\/strong> Scientific coordinator and Research leader on AGIR Interope&rsquo; 2016 (15k\u20ac)<\/mark><\/td><\/tr><\/tbody><\/table><\/figure>\n\n\n\n<p class=\"has-vivid-cyan-blue-color has-text-color has-link-color wp-elements-69d0622aa9d7bb0cbf132a4405dab496\">2021-2022 <\/p>\n\n\n\n<p>Sabbatical research project &#8211; Cong\u00e9 pour Recherche \u00e0 l\u2019international aupr\u00e8s de <strong>l\u2019Univ. Lausanne <\/strong>en Suisse, <strong>le Stockholm Resilience Centre en Su\u00e8de, et Denmark Technical University <\/strong>(DTU).<\/p>\n\n\n\n<figure class=\"wp-block-table\"><table><tbody><tr><td><em><u>R\u00e9sultat&nbsp;<\/u><\/em>: <strong>cadre r\u00e9flexif<\/strong> permettant au chercheur en ing\u00e9nierie et aux ing\u00e9nieurs d\u2019int\u00e9grer la pens\u00e9e \u00e9cologique fond\u00e9e sur des mod\u00e8les plan\u00e9taires aux seuils de d\u00e9passement explicites dans leurs activit\u00e9s de conception.<\/td><\/tr><\/tbody><\/table><\/figure>\n\n\n\n<p class=\"has-vivid-cyan-blue-color has-text-color has-link-color wp-elements-90963beafd2b79997da2ee9b58e86ece\">Since 2022: ended project &#8211;<em> portage scientifique cl\u00f4tur\u00e9<\/em><\/p>\n\n\n\n<figure class=\"wp-block-table\"><table><tbody><tr><td><strong>Co-Porteuse&nbsp;:<\/strong> SustainLives 2020-2022 (12k\u20ac) avec l\u2019Apesa et PlayRoom (26k\u20ac) avec EVEA conseil (2018-2020) financ\u00e9 par le r\u00e9seau <a href=\"http:\/\/www.ecosd.fr\/en\/\" target=\"_blank\" rel=\"noreferrer noopener\">EcoSD<\/a> (Ademe)\u2013 Soutenabilit\u00e9 de la conception par les initiatives locales. AAP ANR 2020 <a href=\"https:\/\/s-mart.grenoble-inp.fr\/fr\/actualites\/et-lios-un-projet-national-pour-lhybridation-dans-les-iut\">ET-LIOS Project of Open Technological courses for undergradued Students<\/a>&nbsp;sur le module d\u2019ing\u00e9nierie soutenable et responsable port\u00e9 par UTC. R\u00e9f\u00e9rante UGA (2015-2020) pour&nbsp;<a href=\"https:\/\/eitrawmaterials.eu\/eit-rm-academy\/innomat\/\" target=\"_blank\" rel=\"noreferrer noopener\">INNOMAT<\/a> et<a href=\"https:\/\/eitrawmaterials.eu\/course\/cared-catalyse-remanufacturing-through-design-bootcamp\/\" target=\"_blank\" rel=\"noreferrer noopener\">&nbsp;CARED&nbsp;<\/a>European Research Project de&nbsp;<a href=\"https:\/\/eitrawmaterials.eu\" target=\"_blank\" rel=\"noreferrer noopener\">EIT Raw Materials<\/a>. CDP IDEX Glyco@Alps (2017-2020)-resp GSCOP WP5 <a href=\"https:\/\/glycoalps.univ-grenoble-alpes.fr\">https:\/\/glycoalps.univ-grenoble-alpes.fr<\/a>, Int\u00e9rop\u00e8C &#8211; Development of models federation supporting dynamic and flexible information exchanges between multidisciplinary activities to practise ecodesign (AGIR \u2013 PEM 2015).<\/td><\/tr><\/tbody><\/table><\/figure>\n\n\n\n<h2 class=\"wp-block-heading\"><strong>Main national scientific responsibilities<\/strong><\/h2>\n\n\n\n<ul class=\"wp-block-list\">\n<li><strong>2024-now:<\/strong> leading research axis \u201cdigital and sustainability\u201d of Persyval 3 Labex with Prof. Sophie Quinton, Univ. Grenoble Alpes.<\/li>\n\n\n\n<li><strong>2023-now: <\/strong>launching and leading technical comity \u00ab&nbsp;Soutenability \u00bb of the SAGIP research community network, with Prof. Roberta Da Costa, As. Prof Aur\u00e9lie Charles, scientific coordination and animation in France<\/li>\n\n\n\n<li><strong>2023-2024:<\/strong> Design for Sustainability reviewer in the European Erasmus+ LT4Sustain (low Tech and sustainability). Ref : Strategic Partnership (KA203) 2021-1 agreement FR01-KA220-HED-000027600<\/li>\n\n\n\n<li><strong>2021-2023:<\/strong> national task leader on sustainability targets in research in design and control of sociotechnical systems of the GDR MACS CNRS, SAGIP, le GIS Smart, EEA Club et le GDR MACS (approx. 5 000 researchers in France).<\/li>\n\n\n\n<li><strong>2022-now:<\/strong> reviewer in French National Research Agency project (Call), regional research call (e.g. Aquitaine), EcoSD network calls<\/li>\n\n\n\n<li><strong>2022<\/strong>: participation to EcoCloud \u2013 national Ecodesign platform development<\/li>\n\n\n\n<li><strong>2012:<\/strong> participation in the national EcoSD network research dynamic<\/li>\n<\/ul>\n\n\n\n<h2 class=\"wp-block-heading\"><strong>Main international scientific responsibilities<\/strong><\/h2>\n\n\n\n<ul class=\"wp-block-list\">\n<li><strong>Since 2015<\/strong>: <mark style=\"background-color:#ffffff;color:#556f86\" class=\"has-inline-color\">Peer reviewer in the International Journal of Sustainable Design (IJSDES), Journal of Cleaner Production (JCP), Sustainable Production and Consumption (SPC), Procedia CIRP (CIRP Design, CIRP LCE, CIRP LCM), Design Society (ICED), about 15 publications reviewed\/year.<\/mark><\/li>\n\n\n\n<li><strong>Since 2015<\/strong>: <mark style=\"background-color:#ffffff;color:#677d90\" class=\"has-inline-color\">Scientific activity in CIRP Design and CIRP LCE (review, chairwoman, roundtable, conference organization, etc.); Design Society (Review Proceedings Design); scientific days STC (2015-2018).<\/mark><\/li>\n\n\n\n<li><strong>Since 2013<\/strong>: <mark style=\"background-color:#ffffff;color:#4c6a83\" class=\"has-inline-color\">International research exchanges: Stockholm Resilience Center, DTU, Univ. De Lausanne, invited Prof. Dr-ing. Reiner Stark, (oct. 2015), RMIT Australia [Verghese et al., 2018][Crossin, 2014] [Williams et al., 2014] ;<\/mark><\/li>\n\n\n\n<li><strong>Since 2022:<\/strong> <mark style=\"background-color:#ffffff;color:#476076\" class=\"has-inline-color\">collaboration with Absolute Sustainability Forum Network members (DTU).<\/mark><\/li>\n<\/ul>\n\n\n\n<h2 class=\"wp-block-heading\">Main administrative responsibilities in Univ. Grenoble Alpes, G-SCOP Laboratory<\/h2>\n\n\n\n<ul class=\"wp-block-list\">\n<li><strong>Sept 2025-Jan 2026:<\/strong> interim team leader for CoSYS research team of the G-SCOP Lab.<\/li>\n\n\n\n<li><strong>Since 2016:<\/strong> representative of Associate Professor (by-election) of the G-SCOP Lab.: discussion and decision, project &amp; structure<\/li>\n\n\n\n<li><strong>Since 2016:<\/strong> recruiting comity member for Associate Professor positions (9), research engineer (5), research master (&gt;10)<\/li>\n\n\n\n<li><strong>Since 2020:<\/strong> member of the Campus d\u2019apr\u00e8s Grenoble Univ. group on sustainability issues, actively involved in the working groups: sustainability teaching, Environmental and Societal Responsibility, Transdisciplinary research<\/li>\n\n\n\n<li><strong>Since 2020:<\/strong> participation in the \u00ab reflection \u00bb group of Labo1point5 French network (CNRS)<\/li>\n\n\n\n<li><strong>Since 2022:<\/strong> in charge of the scientific animation of the CoSys team<\/li>\n<\/ul>\n\n\n\n<h2 class=\"wp-block-heading\"><strong>Participation to PhD Jury (examination):<\/strong><\/h2>\n\n\n\n<p>2019 Ms. Rachel HORTA ARDUIN\u00a0; 2019 M. Jorge Martinez-Leal\u00a0; 2021 Ms. Sophie Carli-Omont\u00a0; 2023 Ms. Lou Grimal\u00a0; 2024 M. Lucas Jacquet; 2025 M. F\u00e9lix Amani;<\/p>\n\n\n\n<h2 class=\"wp-block-heading\"><strong>Participation to HDR Jury (scientific examination):<\/strong><\/h2>\n\n\n\n<p>2025 M. Jonathan Villot, Mines Saint Etienne<\/p>\n\n\n\n<h2 class=\"wp-block-heading\"><strong>Participation to Associate Professor recruiting comity since 2019<\/strong><\/h2>\n\n\n\n<p>2019, 2021, 2022, 2024 (Arts et M\u00e9tiers, Paris), 2020 (Mines de St-Etienne), 2021, 2023, 2024, 2025 (Grenoble-INP), 2023 (UTT, Troyes)<\/p>\n\n\n\n<figure class=\"wp-block-image size-large\"><img loading=\"lazy\" decoding=\"async\" width=\"1024\" height=\"584\" src=\"https:\/\/pagesperso.g-scop.grenoble-inp.fr\/maudrio\/wp-content\/uploads\/sites\/13\/2023\/12\/image-2-1024x584.png\" alt=\"\" class=\"wp-image-177\" srcset=\"https:\/\/pagesperso.g-scop.grenoble-inp.fr\/maudrio\/wp-content\/uploads\/sites\/13\/2023\/12\/image-2-1024x584.png 1024w, https:\/\/pagesperso.g-scop.grenoble-inp.fr\/maudrio\/wp-content\/uploads\/sites\/13\/2023\/12\/image-2-300x171.png 300w, https:\/\/pagesperso.g-scop.grenoble-inp.fr\/maudrio\/wp-content\/uploads\/sites\/13\/2023\/12\/image-2-768x438.png 768w, https:\/\/pagesperso.g-scop.grenoble-inp.fr\/maudrio\/wp-content\/uploads\/sites\/13\/2023\/12\/image-2-1536x877.png 1536w, https:\/\/pagesperso.g-scop.grenoble-inp.fr\/maudrio\/wp-content\/uploads\/sites\/13\/2023\/12\/image-2-2048x1169.png 2048w, https:\/\/pagesperso.g-scop.grenoble-inp.fr\/maudrio\/wp-content\/uploads\/sites\/13\/2023\/12\/image-2-150x86.png 150w, https:\/\/pagesperso.g-scop.grenoble-inp.fr\/maudrio\/wp-content\/uploads\/sites\/13\/2023\/12\/image-2-250x143.png 250w\" sizes=\"auto, (max-width: 1024px) 100vw, 1024px\" \/><\/figure>\n\n\n\n<h2 class=\"wp-block-heading\"><strong>PhD supervision<\/strong><\/h2>\n\n\n\n<figure class=\"wp-block-image size-large\"><img loading=\"lazy\" decoding=\"async\" width=\"1024\" height=\"679\" src=\"https:\/\/pagesperso.g-scop.grenoble-inp.fr\/maudrio\/wp-content\/uploads\/sites\/13\/2024\/10\/image-1024x679.png\" alt=\"\" class=\"wp-image-207\" srcset=\"https:\/\/pagesperso.g-scop.grenoble-inp.fr\/maudrio\/wp-content\/uploads\/sites\/13\/2024\/10\/image-1024x679.png 1024w, https:\/\/pagesperso.g-scop.grenoble-inp.fr\/maudrio\/wp-content\/uploads\/sites\/13\/2024\/10\/image-300x199.png 300w, https:\/\/pagesperso.g-scop.grenoble-inp.fr\/maudrio\/wp-content\/uploads\/sites\/13\/2024\/10\/image-768x509.png 768w, https:\/\/pagesperso.g-scop.grenoble-inp.fr\/maudrio\/wp-content\/uploads\/sites\/13\/2024\/10\/image-1536x1018.png 1536w, https:\/\/pagesperso.g-scop.grenoble-inp.fr\/maudrio\/wp-content\/uploads\/sites\/13\/2024\/10\/image-150x99.png 150w, https:\/\/pagesperso.g-scop.grenoble-inp.fr\/maudrio\/wp-content\/uploads\/sites\/13\/2024\/10\/image-226x150.png 226w, https:\/\/pagesperso.g-scop.grenoble-inp.fr\/maudrio\/wp-content\/uploads\/sites\/13\/2024\/10\/image.png 1858w\" sizes=\"auto, (max-width: 1024px) 100vw, 1024px\" \/><\/figure>\n\n\n\n<ul class=\"wp-block-list\">\n<li><strong>Julie Dalban<\/strong> (started in septembre 2025) &#8211; co-supervision with Val\u00e9ry Merminod (CERAG) &#8211; Chaire REGEN<\/li>\n\n\n\n<li><strong>Laure Ziccarelli<\/strong> (first year) &#8211; co-supervision with Val\u00e9ry Merminod (CERAG) &#8211; Chaire ForLibra<\/li>\n\n\n\n<li><strong>Valentin Girard<\/strong> (3rd year) &#8211; co-supervision with Romain Couillet (LIG)<\/li>\n\n\n\n<li><strong>Lucas Pinto<\/strong> (3rd year) &#8211; co-supervision with Jean-Christophe Cr\u00e9bier et Yves Lembeye (G2Elab)<\/li>\n<\/ul>\n\n\n\n<h2 class=\"wp-block-heading\">Main scientific organizing comity: symposium, doctoral schools, workshops, etc. since 2019<\/h2>\n\n\n\n<figure class=\"wp-block-image size-large\"><img loading=\"lazy\" decoding=\"async\" width=\"1024\" height=\"518\" src=\"https:\/\/pagesperso.g-scop.grenoble-inp.fr\/maudrio\/wp-content\/uploads\/sites\/13\/2024\/10\/image-1-1024x518.png\" alt=\"\" class=\"wp-image-208\" srcset=\"https:\/\/pagesperso.g-scop.grenoble-inp.fr\/maudrio\/wp-content\/uploads\/sites\/13\/2024\/10\/image-1-1024x518.png 1024w, https:\/\/pagesperso.g-scop.grenoble-inp.fr\/maudrio\/wp-content\/uploads\/sites\/13\/2024\/10\/image-1-300x152.png 300w, https:\/\/pagesperso.g-scop.grenoble-inp.fr\/maudrio\/wp-content\/uploads\/sites\/13\/2024\/10\/image-1-768x388.png 768w, https:\/\/pagesperso.g-scop.grenoble-inp.fr\/maudrio\/wp-content\/uploads\/sites\/13\/2024\/10\/image-1-1536x777.png 1536w, https:\/\/pagesperso.g-scop.grenoble-inp.fr\/maudrio\/wp-content\/uploads\/sites\/13\/2024\/10\/image-1-150x76.png 150w, https:\/\/pagesperso.g-scop.grenoble-inp.fr\/maudrio\/wp-content\/uploads\/sites\/13\/2024\/10\/image-1-250x126.png 250w, https:\/\/pagesperso.g-scop.grenoble-inp.fr\/maudrio\/wp-content\/uploads\/sites\/13\/2024\/10\/image-1.png 1756w\" sizes=\"auto, (max-width: 1024px) 100vw, 1024px\" \/><\/figure>\n\n\n\n<figure class=\"wp-block-image size-large\"><img loading=\"lazy\" decoding=\"async\" width=\"1024\" height=\"549\" src=\"https:\/\/pagesperso.g-scop.grenoble-inp.fr\/maudrio\/wp-content\/uploads\/sites\/13\/2024\/10\/image-2-1024x549.png\" alt=\"\" class=\"wp-image-209\" srcset=\"https:\/\/pagesperso.g-scop.grenoble-inp.fr\/maudrio\/wp-content\/uploads\/sites\/13\/2024\/10\/image-2-1024x549.png 1024w, https:\/\/pagesperso.g-scop.grenoble-inp.fr\/maudrio\/wp-content\/uploads\/sites\/13\/2024\/10\/image-2-300x161.png 300w, https:\/\/pagesperso.g-scop.grenoble-inp.fr\/maudrio\/wp-content\/uploads\/sites\/13\/2024\/10\/image-2-768x412.png 768w, https:\/\/pagesperso.g-scop.grenoble-inp.fr\/maudrio\/wp-content\/uploads\/sites\/13\/2024\/10\/image-2-1536x824.png 1536w, https:\/\/pagesperso.g-scop.grenoble-inp.fr\/maudrio\/wp-content\/uploads\/sites\/13\/2024\/10\/image-2-150x80.png 150w, https:\/\/pagesperso.g-scop.grenoble-inp.fr\/maudrio\/wp-content\/uploads\/sites\/13\/2024\/10\/image-2-250x134.png 250w, https:\/\/pagesperso.g-scop.grenoble-inp.fr\/maudrio\/wp-content\/uploads\/sites\/13\/2024\/10\/image-2.png 1752w\" sizes=\"auto, (max-width: 1024px) 100vw, 1024px\" \/><\/figure>\n\n\n\n<p><strong>2025: SUSTAIN-E<\/strong> (<a href=\"https:\/\/sustain.sciencesconf.org\/?lang=en\">SUmmer School on susTAINable Electronics<\/a>), June 16-20, Grenoble, France: lecturing in (Monday 1:30 pm &#8211; 3:00 pm) &#8211; Challenges and issues for designers toward<br>sustainable electronics &#8211; and (Tuesday &#8211; 8:30 am &#8211; 9:15 am) &#8211; Ecodesign methods and indicators; 70 participants, part of the European EECONE project.<\/p>\n\n\n\n<p><\/p>\n\n\n\n<h2 class=\"wp-block-heading\">Network member<\/h2>\n\n\n\n<ul class=\"wp-block-list\">\n<li><strong>Design Society <\/strong>(2011-2013 &amp; 2019-now)<\/li>\n\n\n\n<li><strong>CIRP <\/strong>LCE and Design \u2013 invited by a member at the CIRP Winter meeting (2015-2018)<\/li>\n\n\n\n<li><strong>APIME<\/strong> &#8211; Association for innovation in Electric Equipment (2016)<\/li>\n\n\n\n<li><strong>ALCAS<\/strong> (2013-2014) \u2013 Australian Life Cycle Assessment Society<\/li>\n\n\n\n<li><strong>EcoSD<\/strong> (since 2009), SAGIP (since 2021)<\/li>\n<\/ul>\n\n\n\n<h2 class=\"wp-block-heading\">Main teaching responsibilities<\/h2>\n\n\n\n<ul class=\"wp-block-list\">\n<li><strong>Since 2022:<\/strong> <mark style=\"background-color:#ffffff;color:#1f3e4f\" class=\"has-inline-color\">in charge of the \u201cSustainable Design and Manufacturing\u201d program courses coordination at the department of Mechanical Eng. GMP-IUT1\/UGA: three-year program (lectures, Lab, contain, recruitment); intervention in the Chemistry and Physic Measurement dep.<\/mark><\/li>\n\n\n\n<li><strong>since 2023: <\/strong><mark style=\"background-color:#ffffff;color:#275b7a\" class=\"has-inline-color\">in charge of the 3rd year internship of the Mechanical and Manuf. Engineering Department of IUT1 Grenoble, about 50 interns\/year (administration guiding and support, industrial follow-up, student supervision, evaluations &amp; grading, defense week management, etc.)<\/mark><\/li>\n\n\n\n<li><strong>Since 2020:<\/strong> <mark style=\"background-color:#ffffff;color:#1c4760\" class=\"has-inline-color\">Sustainable Responsibility Comity member representing the department of Mechanical Eng. GMP-IUT1\/UGA (since Sept. 2020)<\/mark><\/li>\n\n\n\n<li><strong>International Relationship Officer for student internships <\/strong>(2016-2020, 2024-2025) and <strong>overseas studies<\/strong> (2016-2018)<\/li>\n\n\n\n<li><strong>UGA-GSCOP referent for INNOMAT and CARED European Research Project<\/strong> on EIT Raw <mark style=\"background-color:#ffffff\" class=\"has-inline-color has-vivid-cyan-blue-color\">Materials https:\/\/eitrawmaterials.eu ;<br>https:\/\/courses.edx.org\/courses\/course-v1:DelftX+WMCRM1x+1T2019\/course\/<\/mark><\/li>\n\n\n\n<li><strong>Professional training: <\/strong><mark style=\"background-color:#ffffff;color:#1f5574\" class=\"has-inline-color\">Leadership in sustainability \u2013 Ecodesign and Life Cycle Assessment (in Bucharest), part of the Leadsus research program:<br>Leadership in Sustainability \u2013 training material development &amp; trainer, 2014-2015<\/mark><\/li>\n<\/ul>\n\n\n\n<h2 class=\"wp-block-heading\">Latest invitations for scientific intervention<\/h2>\n\n\n\n<ul class=\"wp-block-list\">\n<li>2021-2024: Reviewer of Design for Sustainability teaching modules in the European Erasmus project-LowTech for Sustainability<\/li>\n\n\n\n<li>Sept. 25, 2024, in Sup. Normal School (ENS) Rennes (France): keynote on the integration of permacircular issues in design and research in<br>engineering<\/li>\n\n\n\n<li>Mai 28th 2024 in 40 years of the Power Electronic Grenoble Lab. : keynote on the integration of planetary boundaries in power electronic<br>systems design development<\/li>\n\n\n\n<li>April 5, 2024 (CEA Leti Grenoble, Minatech): Co-Organisation of the scientific day on exploring sociotechnical issues addressed by the<br>planetary boundary integration in research activities on technological systems<\/li>\n\n\n\n<li>March 27-26 2024 (Valencia, Spain): Keynote at the DATE conference: Challenged With Planetary Boundaries? Addressing Design for<br>Absolute Sustainability in Electronics Research and Development Processes<\/li>\n\n\n\n<li>Nov. 30, 2023, for the Sustainable Development Responsibility commission of the G2ELab (Grenoble): conference on the Planetary<br>Boundaries framework and the impacts on our research<\/li>\n\n\n\n<li>Sept. 2023 for the Carnot Energies of the Future (Ic\u00e9el, IFPEN RE, ISIFoR, M.I.N.E.S.): online seminary in Design for Sustainability methods of<br>addressing planetary boundary issues in power electronics (including upscaling)<\/li>\n\n\n\n<li>Feb. 2, 2023, for the Club EEA on Sustainable Development teaching<\/li>\n\n\n\n<li>Jan. 18, 2023, for ENSE3 students (Grenoble INP eng. School, PISTE): round table about Eng. In a world of ecological crisis: where to work<br>tomorrow?<\/li>\n\n\n\n<li>Nov. 15th-18th 2022 in InnovaXN \u2013 Innovation school in Grenoble Invited lecturer: Introduction to scarcity in Material and resources:<br>when it creates opportunities (eco-design, sustainable circular loops, based on life cycle analysis)<\/li>\n\n\n\n<li>February 2, 2022, invited keynote speaker at the PUBLIER 2022 conference: \u201cThe industry of the future beyond the Anthropocene\u201d<\/li>\n\n\n\n<li>Dec. 6, 2022, in the research scientific days about intelligent electrification for energetic transition (J-C Cr\u00e9bier) and Dec. 19, at IEEE days, and Nov. 2021 in GDR-SEEDS CNRS Research group about Electrical Energy Systems in Societal Dimensions (L. Dupont et J-C. Cr\u00e9bier):<br>Introduction to ecodesign and sustainable circular economy in Power Electronics<\/li>\n<\/ul>\n","protected":false},"excerpt":{"rendered":"<p>Publication sur HAL Publications list Curriculum Vitae Diploma Title and current position Since 2014: Associate Professor Ma\u00eetresse de Conf\u00e9rences in 60e section : mechanical engineering &amp; sustainability at the G-SCOP Laboratory, Univ. Grenoble Alps (http:\/\/www.g-scop.grenoble-inp.fr) From January 2013 to August 2014: Research Officer, Research Fellow at the Centre for Design&#8230; <a class=\"continue-reading-link\" href=\"https:\/\/pagesperso.g-scop.grenoble-inp.fr\/maudrio\/publications\/\"> Continue reading <span class=\"meta-nav\">&rarr; <\/span><\/a><\/p>\n","protected":false},"author":3,"featured_media":0,"parent":0,"menu_order":0,"comment_status":"closed","ping_status":"closed","template":"","meta":{"footnotes":""},"class_list":["post-9","page","type-page","status-publish","hentry"],"_links":{"self":[{"href":"https:\/\/pagesperso.g-scop.grenoble-inp.fr\/maudrio\/wp-json\/wp\/v2\/pages\/9","targetHints":{"allow":["GET"]}}],"collection":[{"href":"https:\/\/pagesperso.g-scop.grenoble-inp.fr\/maudrio\/wp-json\/wp\/v2\/pages"}],"about":[{"href":"https:\/\/pagesperso.g-scop.grenoble-inp.fr\/maudrio\/wp-json\/wp\/v2\/types\/page"}],"author":[{"embeddable":true,"href":"https:\/\/pagesperso.g-scop.grenoble-inp.fr\/maudrio\/wp-json\/wp\/v2\/users\/3"}],"replies":[{"embeddable":true,"href":"https:\/\/pagesperso.g-scop.grenoble-inp.fr\/maudrio\/wp-json\/wp\/v2\/comments?post=9"}],"version-history":[{"count":16,"href":"https:\/\/pagesperso.g-scop.grenoble-inp.fr\/maudrio\/wp-json\/wp\/v2\/pages\/9\/revisions"}],"predecessor-version":[{"id":267,"href":"https:\/\/pagesperso.g-scop.grenoble-inp.fr\/maudrio\/wp-json\/wp\/v2\/pages\/9\/revisions\/267"}],"wp:attachment":[{"href":"https:\/\/pagesperso.g-scop.grenoble-inp.fr\/maudrio\/wp-json\/wp\/v2\/media?parent=9"}],"curies":[{"name":"wp","href":"https:\/\/api.w.org\/{rel}","templated":true}]}}