{"id":227,"date":"2025-04-10T15:25:16","date_gmt":"2025-04-10T13:25:16","guid":{"rendered":"https:\/\/pagesperso.g-scop.grenoble-inp.fr\/maudrio\/?page_id=227"},"modified":"2025-07-11T17:39:50","modified_gmt":"2025-07-11T15:39:50","slug":"presentation-succincte-des-activites-de-recherche-et-denseignement","status":"publish","type":"page","link":"https:\/\/pagesperso.g-scop.grenoble-inp.fr\/maudrio\/presentation-succincte-des-activites-de-recherche-et-denseignement\/","title":{"rendered":"Pr\u00e9sentation succincte des activit\u00e9s de recherche et d&rsquo;enseignement"},"content":{"rendered":"\n<figure class=\"wp-block-image size-large\"><img loading=\"lazy\" decoding=\"async\" width=\"1024\" height=\"576\" src=\"https:\/\/pagesperso.g-scop.grenoble-inp.fr\/maudrio\/wp-content\/uploads\/sites\/13\/2025\/04\/image-2-1024x576.png\" alt=\"\" class=\"wp-image-220\" srcset=\"https:\/\/pagesperso.g-scop.grenoble-inp.fr\/maudrio\/wp-content\/uploads\/sites\/13\/2025\/04\/image-2-1024x576.png 1024w, https:\/\/pagesperso.g-scop.grenoble-inp.fr\/maudrio\/wp-content\/uploads\/sites\/13\/2025\/04\/image-2-300x169.png 300w, https:\/\/pagesperso.g-scop.grenoble-inp.fr\/maudrio\/wp-content\/uploads\/sites\/13\/2025\/04\/image-2-768x432.png 768w, https:\/\/pagesperso.g-scop.grenoble-inp.fr\/maudrio\/wp-content\/uploads\/sites\/13\/2025\/04\/image-2-1536x864.png 1536w, https:\/\/pagesperso.g-scop.grenoble-inp.fr\/maudrio\/wp-content\/uploads\/sites\/13\/2025\/04\/image-2-150x84.png 150w, https:\/\/pagesperso.g-scop.grenoble-inp.fr\/maudrio\/wp-content\/uploads\/sites\/13\/2025\/04\/image-2-250x141.png 250w, https:\/\/pagesperso.g-scop.grenoble-inp.fr\/maudrio\/wp-content\/uploads\/sites\/13\/2025\/04\/image-2.png 1974w\" sizes=\"auto, (max-width: 1024px) 100vw, 1024px\" \/><\/figure>\n\n\n\n<figure class=\"wp-block-image size-large\"><img loading=\"lazy\" decoding=\"async\" width=\"1024\" height=\"571\" src=\"https:\/\/pagesperso.g-scop.grenoble-inp.fr\/maudrio\/wp-content\/uploads\/sites\/13\/2025\/04\/image-3-1024x571.png\" alt=\"\" class=\"wp-image-221\" srcset=\"https:\/\/pagesperso.g-scop.grenoble-inp.fr\/maudrio\/wp-content\/uploads\/sites\/13\/2025\/04\/image-3-1024x571.png 1024w, https:\/\/pagesperso.g-scop.grenoble-inp.fr\/maudrio\/wp-content\/uploads\/sites\/13\/2025\/04\/image-3-300x167.png 300w, https:\/\/pagesperso.g-scop.grenoble-inp.fr\/maudrio\/wp-content\/uploads\/sites\/13\/2025\/04\/image-3-768x428.png 768w, https:\/\/pagesperso.g-scop.grenoble-inp.fr\/maudrio\/wp-content\/uploads\/sites\/13\/2025\/04\/image-3-1536x857.png 1536w, https:\/\/pagesperso.g-scop.grenoble-inp.fr\/maudrio\/wp-content\/uploads\/sites\/13\/2025\/04\/image-3-150x84.png 150w, https:\/\/pagesperso.g-scop.grenoble-inp.fr\/maudrio\/wp-content\/uploads\/sites\/13\/2025\/04\/image-3-250x139.png 250w, https:\/\/pagesperso.g-scop.grenoble-inp.fr\/maudrio\/wp-content\/uploads\/sites\/13\/2025\/04\/image-3.png 2030w\" sizes=\"auto, (max-width: 1024px) 100vw, 1024px\" \/><\/figure>\n\n\n\n<figure class=\"wp-block-image size-large\"><img loading=\"lazy\" decoding=\"async\" width=\"1024\" height=\"581\" src=\"https:\/\/pagesperso.g-scop.grenoble-inp.fr\/maudrio\/wp-content\/uploads\/sites\/13\/2025\/04\/image-4-1024x581.png\" alt=\"\" class=\"wp-image-222\" srcset=\"https:\/\/pagesperso.g-scop.grenoble-inp.fr\/maudrio\/wp-content\/uploads\/sites\/13\/2025\/04\/image-4-1024x581.png 1024w, https:\/\/pagesperso.g-scop.grenoble-inp.fr\/maudrio\/wp-content\/uploads\/sites\/13\/2025\/04\/image-4-300x170.png 300w, https:\/\/pagesperso.g-scop.grenoble-inp.fr\/maudrio\/wp-content\/uploads\/sites\/13\/2025\/04\/image-4-768x436.png 768w, https:\/\/pagesperso.g-scop.grenoble-inp.fr\/maudrio\/wp-content\/uploads\/sites\/13\/2025\/04\/image-4-1536x872.png 1536w, https:\/\/pagesperso.g-scop.grenoble-inp.fr\/maudrio\/wp-content\/uploads\/sites\/13\/2025\/04\/image-4-150x85.png 150w, https:\/\/pagesperso.g-scop.grenoble-inp.fr\/maudrio\/wp-content\/uploads\/sites\/13\/2025\/04\/image-4-250x142.png 250w, https:\/\/pagesperso.g-scop.grenoble-inp.fr\/maudrio\/wp-content\/uploads\/sites\/13\/2025\/04\/image-4.png 1994w\" sizes=\"auto, (max-width: 1024px) 100vw, 1024px\" \/><\/figure>\n\n\n\n<figure class=\"wp-block-image size-large\"><img loading=\"lazy\" decoding=\"async\" width=\"1024\" height=\"528\" src=\"https:\/\/pagesperso.g-scop.grenoble-inp.fr\/maudrio\/wp-content\/uploads\/sites\/13\/2025\/04\/image-5-1024x528.png\" alt=\"\" class=\"wp-image-223\" srcset=\"https:\/\/pagesperso.g-scop.grenoble-inp.fr\/maudrio\/wp-content\/uploads\/sites\/13\/2025\/04\/image-5-1024x528.png 1024w, https:\/\/pagesperso.g-scop.grenoble-inp.fr\/maudrio\/wp-content\/uploads\/sites\/13\/2025\/04\/image-5-300x155.png 300w, https:\/\/pagesperso.g-scop.grenoble-inp.fr\/maudrio\/wp-content\/uploads\/sites\/13\/2025\/04\/image-5-768x396.png 768w, https:\/\/pagesperso.g-scop.grenoble-inp.fr\/maudrio\/wp-content\/uploads\/sites\/13\/2025\/04\/image-5-1536x792.png 1536w, https:\/\/pagesperso.g-scop.grenoble-inp.fr\/maudrio\/wp-content\/uploads\/sites\/13\/2025\/04\/image-5-150x77.png 150w, https:\/\/pagesperso.g-scop.grenoble-inp.fr\/maudrio\/wp-content\/uploads\/sites\/13\/2025\/04\/image-5-250x129.png 250w, https:\/\/pagesperso.g-scop.grenoble-inp.fr\/maudrio\/wp-content\/uploads\/sites\/13\/2025\/04\/image-5.png 1956w\" sizes=\"auto, (max-width: 1024px) 100vw, 1024px\" \/><\/figure>\n\n\n\n<figure class=\"wp-block-image size-large\"><img loading=\"lazy\" decoding=\"async\" width=\"1024\" height=\"476\" src=\"https:\/\/pagesperso.g-scop.grenoble-inp.fr\/maudrio\/wp-content\/uploads\/sites\/13\/2025\/04\/image-6-1024x476.png\" alt=\"\" class=\"wp-image-224\" srcset=\"https:\/\/pagesperso.g-scop.grenoble-inp.fr\/maudrio\/wp-content\/uploads\/sites\/13\/2025\/04\/image-6-1024x476.png 1024w, https:\/\/pagesperso.g-scop.grenoble-inp.fr\/maudrio\/wp-content\/uploads\/sites\/13\/2025\/04\/image-6-300x139.png 300w, https:\/\/pagesperso.g-scop.grenoble-inp.fr\/maudrio\/wp-content\/uploads\/sites\/13\/2025\/04\/image-6-768x357.png 768w, https:\/\/pagesperso.g-scop.grenoble-inp.fr\/maudrio\/wp-content\/uploads\/sites\/13\/2025\/04\/image-6-1536x714.png 1536w, https:\/\/pagesperso.g-scop.grenoble-inp.fr\/maudrio\/wp-content\/uploads\/sites\/13\/2025\/04\/image-6-150x70.png 150w, https:\/\/pagesperso.g-scop.grenoble-inp.fr\/maudrio\/wp-content\/uploads\/sites\/13\/2025\/04\/image-6-250x116.png 250w, https:\/\/pagesperso.g-scop.grenoble-inp.fr\/maudrio\/wp-content\/uploads\/sites\/13\/2025\/04\/image-6.png 1996w\" sizes=\"auto, (max-width: 1024px) 100vw, 1024px\" \/><\/figure>\n\n\n\n<figure class=\"wp-block-image size-large\"><img loading=\"lazy\" decoding=\"async\" width=\"1024\" height=\"566\" src=\"https:\/\/pagesperso.g-scop.grenoble-inp.fr\/maudrio\/wp-content\/uploads\/sites\/13\/2025\/04\/image-7-1024x566.png\" alt=\"\" class=\"wp-image-225\" srcset=\"https:\/\/pagesperso.g-scop.grenoble-inp.fr\/maudrio\/wp-content\/uploads\/sites\/13\/2025\/04\/image-7-1024x566.png 1024w, https:\/\/pagesperso.g-scop.grenoble-inp.fr\/maudrio\/wp-content\/uploads\/sites\/13\/2025\/04\/image-7-300x166.png 300w, https:\/\/pagesperso.g-scop.grenoble-inp.fr\/maudrio\/wp-content\/uploads\/sites\/13\/2025\/04\/image-7-768x425.png 768w, https:\/\/pagesperso.g-scop.grenoble-inp.fr\/maudrio\/wp-content\/uploads\/sites\/13\/2025\/04\/image-7-1536x849.png 1536w, https:\/\/pagesperso.g-scop.grenoble-inp.fr\/maudrio\/wp-content\/uploads\/sites\/13\/2025\/04\/image-7-150x83.png 150w, https:\/\/pagesperso.g-scop.grenoble-inp.fr\/maudrio\/wp-content\/uploads\/sites\/13\/2025\/04\/image-7-250x138.png 250w, https:\/\/pagesperso.g-scop.grenoble-inp.fr\/maudrio\/wp-content\/uploads\/sites\/13\/2025\/04\/image-7.png 2022w\" sizes=\"auto, (max-width: 1024px) 100vw, 1024px\" \/><\/figure>\n\n\n\n<p><strong>Th\u00e8ses en cours (rentr\u00e9e septembre 2025) :<\/strong><\/p>\n\n\n\n<ul class=\"wp-block-list\">\n<li><strong>Julie Dalban<\/strong> (d\u00e9but\u00e9e en septembre 2025) &#8211; co-dirig\u00e9e avec Val\u00e9ry Merminod (CERAG) &#8211; Chaire REGEN<\/li>\n\n\n\n<li><strong>Laure Ziccarelli<\/strong> (premi\u00e8re ann\u00e9e) &#8211; co-dirig\u00e9e avec Val\u00e9ry Merminod (CERAG) &#8211; Chaire ForLibra<\/li>\n\n\n\n<li><strong>Valentin Girard<\/strong> (3e ann\u00e9e) &#8211; co-dirig\u00e9e avec Romain Couillet (LIG)<\/li>\n\n\n\n<li><strong>Lucas Pinto<\/strong> (3e ann\u00e9e) &#8211; co-dirig\u00e9e avec Jean-Christophe Cr\u00e9bier et Yves Lembeye (G2Elab)<\/li>\n<\/ul>\n\n\n\n<p><\/p>\n","protected":false},"excerpt":{"rendered":"<p>Th\u00e8ses en cours (rentr\u00e9e septembre 2025) :<\/p>\n","protected":false},"author":14,"featured_media":0,"parent":0,"menu_order":2,"comment_status":"closed","ping_status":"closed","template":"","meta":{"footnotes":""},"class_list":["post-227","page","type-page","status-publish","hentry"],"_links":{"self":[{"href":"https:\/\/pagesperso.g-scop.grenoble-inp.fr\/maudrio\/wp-json\/wp\/v2\/pages\/227","targetHints":{"allow":["GET"]}}],"collection":[{"href":"https:\/\/pagesperso.g-scop.grenoble-inp.fr\/maudrio\/wp-json\/wp\/v2\/pages"}],"about":[{"href":"https:\/\/pagesperso.g-scop.grenoble-inp.fr\/maudrio\/wp-json\/wp\/v2\/types\/page"}],"author":[{"embeddable":true,"href":"https:\/\/pagesperso.g-scop.grenoble-inp.fr\/maudrio\/wp-json\/wp\/v2\/users\/14"}],"replies":[{"embeddable":true,"href":"https:\/\/pagesperso.g-scop.grenoble-inp.fr\/maudrio\/wp-json\/wp\/v2\/comments?post=227"}],"version-history":[{"count":2,"href":"https:\/\/pagesperso.g-scop.grenoble-inp.fr\/maudrio\/wp-json\/wp\/v2\/pages\/227\/revisions"}],"predecessor-version":[{"id":263,"href":"https:\/\/pagesperso.g-scop.grenoble-inp.fr\/maudrio\/wp-json\/wp\/v2\/pages\/227\/revisions\/263"}],"wp:attachment":[{"href":"https:\/\/pagesperso.g-scop.grenoble-inp.fr\/maudrio\/wp-json\/wp\/v2\/media?parent=227"}],"curies":[{"name":"wp","href":"https:\/\/api.w.org\/{rel}","templated":true}]}}