{"id":119,"date":"2022-11-27T14:47:30","date_gmt":"2022-11-27T13:47:30","guid":{"rendered":"https:\/\/pagesperso.g-scop.grenoble-inp.fr\/irenegannaz\/?page_id=119"},"modified":"2026-03-12T08:17:36","modified_gmt":"2026-03-12T07:17:36","slug":"communications","status":"publish","type":"page","link":"https:\/\/pagesperso.g-scop.grenoble-inp.fr\/irenegannaz\/research\/communications\/","title":{"rendered":"Communications"},"content":{"rendered":"\n<p>Of last 10 years.<\/p>\n\n\n\n<h4 class=\"wp-block-heading\">Research communications<\/h4>\n\n\n\n<div class=\"wp-block-columns is-layout-flex wp-container-core-columns-is-layout-9d6595d7 wp-block-columns-is-layout-flex\">\n<div class=\"wp-block-column is-layout-flow wp-block-column-is-layout-flow\" style=\"flex-basis:100%\">\n<figure>\n<table class=\"wp-block-table is-style-stripes\" style=\"text-align: left;height: 438px\" border=\"0\" cellspacing=\"10\" cellpadding=\"2\">\n<tbody>\n<tr>\n<td style=\"text-align: justify;width: 22%;vertical-align: top;margin-top: 20px\">3\u00a0juin\u00a02025<\/td>\n<td style=\"vertical-align: top\">Journ\u00e9es de la Statistique, Marseille.<\/td>\n<\/tr>\n<tr>\n<td style=\"text-align: justify;width: 22%;vertical-align: top;margin-top: 20px\">29\u00a0juin\u00a02022<\/td>\n<td style=\"vertical-align: top\">S\u00e9minaire ROSP, Grenoble.<\/td>\n<\/tr>\n<tr>\n<td style=\"text-align: justify;width: 22%;vertical-align: top;margin-top: 20px\">21\u00a0juin\u00a02022<\/td>\n<td style=\"vertical-align: top\">ISNPS, Paphos, Chypre.<\/td>\n<\/tr>\n<tr>\n<td style=\"text-align: justify;width: 20%;vertical-align: top;margin-top: 20px\">19\u00a0d\u00e9c.\u00a02021<\/td>\n<td style=\"vertical-align: top\">CMStatistics, Londres, Royaume-Uni.<\/td>\n<\/tr>\n<tr>\n<td style=\"text-align: justify;width: 20%;vertical-align: top;margin-top: 20px\">02 f\u00e9v.\u00a0 2021<\/td>\n<td style=\"vertical-align: top\">S\u00e9minaire de Statistique et Optimisation de l&rsquo;IMT, Toulouse.<\/td>\n<\/tr>\n<tr>\n<td style=\"text-align: justify;width: 20%;vertical-align: top;margin-top: 20px\">03 d\u00e9c.\u00a02020<\/td>\n<td style=\"vertical-align: top\">Data Science Seminar du M2 MSIAM, Grenoble.<\/td>\n<\/tr>\n<tr>\n<td style=\"text-align: justify;width: 20%;vertical-align: top;margin-top: 20px\">25\u00a0juil.\u00a02019<\/td>\n<td style=\"vertical-align: top\">European Meeting of Statisticians, Palerme, Italie.<\/td>\n<\/tr>\n<tr>\n<td style=\"text-align: justify;width: 20%;vertical-align: top;margin-top: 20px\">20\u00a0juin\u00a02019<\/td>\n<td style=\"vertical-align: top\">Journ\u00e9e Neuroinformatique et Neurosciences Computationnelles, CRNL, Lyon.<\/td>\n<\/tr>\n<tr>\n<td style=\"text-align: justify;width: 20%;vertical-align: top;margin-top: 20px\">20\u00a0mai\u00a02019<\/td>\n<td style=\"vertical-align: top\">S\u00e9minaire de Probabilit\u00e9-Statistique de Montpellier.<\/td>\n<\/tr>\n<tr>\n<td style=\"text-align: justify;width: 20%;vertical-align: top;margin-top: 20px\">09\u00a0ao\u00fbt\u00a02017<\/td>\n<td style=\"vertical-align: top\">Wavelets and Sparsity XVII, San Diego, Californie, Etats-Unis.<\/td>\n<\/tr>\n<tr>\n<td style=\"text-align: justify;width: 20%;vertical-align: top;margin-top: 20px\">20\u00a0juin\u00a02017<\/td>\n<td style=\"vertical-align: top\">Journ\u00e9e d\u2019\u00e9changes scientifiques statistique\/probabilit\u00e9s appliqu\u00e9es \u2013 Hydrologie entre voisins, Lyon.<\/td>\n<\/tr>\n<tr>\n<td style=\"text-align: justify;width: 20%;vertical-align: top;margin-top: 20px\">16\u00a0juin\u00a0 2016<\/td>\n<td style=\"vertical-align: top\">Conf\u00e9rence ISNPS, Avignon.<\/td>\n<\/tr>\n<tr>\n<td style=\"text-align: left;width: 20%;vertical-align: top;margin-top: 20px\">24\u00a0mai\u00a0 2016<\/td>\n<td style=\"vertical-align: top\">Workshop ATLAS, Grenoble.<\/td>\n<\/tr>\n<tr>\n<td style=\"text-align: left;width: 20%;vertical-align: top;margin-top: 20px\">28\u00a0avr.\u00a0 2016<\/td>\n<td style=\"vertical-align: top\">Rencontres Statistiques Lyonnaises, Universit\u00e9s Lyon, France. Pr\u00e9sentation commune avec M. Clausel, Ma\u00eetre de conf\u00e9rences \u00e0 l&rsquo;Universit\u00e9 de Grenoble.<\/td>\n<\/tr>\n<tr>\n<td style=\"text-align: left;width: 20%;vertical-align: top;margin-top: 20px\">24\u00a0mars\u00a02016<\/td>\n<td style=\"vertical-align: top\">S\u00e9minaire du d\u00e9partement statistique, LJK, Grenoble.<\/td>\n<\/tr>\n<\/tbody>\n<\/table>\n<\/figure>\n<\/div>\n<\/div>\n\n\n\n<h4 class=\"wp-block-heading\">Science popularization and teaching methods<\/h4>\n\n\n\n<div class=\"wp-block-group\"><div class=\"wp-block-group__inner-container is-layout-constrained wp-block-group-is-layout-constrained\">\n<figure class=\"wp-block-table is-style-stripes\">\n<table style=\"text-align: left;height: 659px\" border=\"0\" width=\"878\" cellspacing=\"10\" cellpadding=\"2\">\n<tbody>\n<tr>\n<td style=\"text-align: justify;vertical-align: top;margin-top: 20px\">04\u00a0avril\u00a02024<\/td>\n<td style=\"vertical-align: top\">Talk at the meeting \u00ab\u00a0Enseigner la statistique \u00e0 l\u2019heure des agents conversationnels (ChatGPT, Google Bard, \u2026)\u00a0\u00bb, Grenoble<\/td>\n<\/tr>\n<tr>\n<td style=\"text-align: justify;vertical-align: top;margin-top: 20px\">09\u00a0juin\u00a02022<\/td>\n<td style=\"vertical-align: top\">Journ\u00e9e de formation du secondaire, Lyon.<\/td>\n<\/tr>\n<tr>\n<td style=\"text-align: justify;vertical-align: top;margin-top: 20px\">30\u00a0mars\u00a02022<\/td>\n<td style=\"vertical-align: top\">S\u00e9minaire de la d\u00e9tente, Lyon.<\/td>\n<\/tr>\n<tr>\n<td style=\"text-align: justify;vertical-align: top;margin-top: 20px\">24\u00a0mai\u00a02019<\/td>\n<td style=\"vertical-align: top\">Colloque d&rsquo;\u00e9volutions p\u00e9dagogiques, Lyon.<\/td>\n<\/tr>\n<tr>\n<td style=\"text-align: justify;vertical-align: top;margin-top: 20px\">16\u00a0d\u00e9c.\u00a02018<\/td>\n<td style=\"vertical-align: top\">Rendez-vous des Jeunes Math\u00e9maticiennes, Lyon. Pr\u00e9sentation commune avec S. Leoni-Aubin, Ma\u00eetre de conf\u00e9rences \u00e0 l&rsquo;INSA de Lyon.<\/td>\n<\/tr>\n<tr>\n<td style=\"text-align: justify;vertical-align: top;margin-top: 20px\">11\u00a0d\u00e9c.\u00a02018<\/td>\n<td style=\"vertical-align: top\">Universit\u00e9 ouverte de Lyon, Lyon. Pr\u00e9sentation \u00e9labor\u00e9e en collaboration avec A. Rolland, Ma\u00eetre de conf\u00e9rences \u00e0 l&rsquo;IUT STID de Lyon.<\/td>\n<\/tr>\n<tr>\n<td style=\"text-align: justify;vertical-align: top;margin-top: 20px\">27\u00a0mars\u00a02018<\/td>\n<td style=\"vertical-align: top\">Caf\u00e9 de la statistique, Lyon.<\/td>\n<\/tr>\n<tr>\n<td style=\"text-align: justify;vertical-align: top;margin-top: 20px\">05\u00a0mars\u00a02018<\/td>\n<td style=\"vertical-align: top\">Conf\u00e9rence INSA de Lyon &#8211; MMI, Villeurbanne. Pr\u00e9sentation commune avec S. Leoni-Aubin, Ma\u00eetre de conf\u00e9rences \u00e0 l&rsquo;INSA de Lyon.<\/td>\n<\/tr>\n<tr>\n<td style=\"text-align: justify;vertical-align: top;margin-top: 20px\">08\u00a0janv.\u00a02018<\/td>\n<td style=\"vertical-align: top\">Universit\u00e9 Ouverte de Lyon, Lyon.<\/td>\n<\/tr>\n<tr>\n<td style=\"text-align: justify;vertical-align: top;margin-top: 20px\">27\u00a0sept.\u00a02017<\/td>\n<td style=\"vertical-align: top\">ENTPE, Talks du mercredi, Vaux en Velin.<\/td>\n<\/tr>\n<tr>\n<td style=\"text-align: justify;vertical-align: top;margin-top: 20px\">19\u00a0mars\u00a02017<\/td>\n<td style=\"vertical-align: top\">Pi Day, Spectacle musical math\u00e9matique, Lyon.<\/td>\n<\/tr>\n<tr>\n<td style=\"text-align: justify;vertical-align: top;margin-top: 20px\">23\u00a0oct.\u00a02016<\/td>\n<td style=\"vertical-align: top\">Journ\u00e9es APMEP (Association des Professeurs de Math\u00e9matiques de l&rsquo;Enseignement Public), Lyon. Pr\u00e9sentation commune avec S. Leoni-Aubin, Ma\u00eetre de conf\u00e9rences \u00e0 l&rsquo;INSA de Lyon.<\/td>\n<\/tr>\n<\/tbody>\n<\/table>\n<\/figure>\n<\/div><\/div>\n","protected":false},"excerpt":{"rendered":"<p>Of last 10 years. Research communications 3\u00a0juin\u00a02025 Journ\u00e9es de la Statistique, Marseille. 29\u00a0juin\u00a02022 S\u00e9minaire ROSP, Grenoble. 21\u00a0juin\u00a02022 ISNPS, Paphos, Chypre. 19\u00a0d\u00e9c.\u00a02021 CMStatistics, Londres, Royaume-Uni. 02 f\u00e9v.\u00a0 2021 S\u00e9minaire de Statistique et Optimisation de l&rsquo;IMT, Toulouse. 03 d\u00e9c.\u00a02020 Data Science Seminar du M2 MSIAM, Grenoble. 25\u00a0juil.\u00a02019 European Meeting of Statisticians, Palerme,&#8230; <a class=\"continue-reading-link\" href=\"https:\/\/pagesperso.g-scop.grenoble-inp.fr\/irenegannaz\/research\/communications\/\"> Continue reading <span class=\"meta-nav\">&rarr; <\/span><\/a><\/p>\n","protected":false},"author":20,"featured_media":146,"parent":8,"menu_order":3,"comment_status":"closed","ping_status":"closed","template":"","meta":{"footnotes":""},"class_list":["post-119","page","type-page","status-publish","has-post-thumbnail","hentry"],"_links":{"self":[{"href":"https:\/\/pagesperso.g-scop.grenoble-inp.fr\/irenegannaz\/wp-json\/wp\/v2\/pages\/119","targetHints":{"allow":["GET"]}}],"collection":[{"href":"https:\/\/pagesperso.g-scop.grenoble-inp.fr\/irenegannaz\/wp-json\/wp\/v2\/pages"}],"about":[{"href":"https:\/\/pagesperso.g-scop.grenoble-inp.fr\/irenegannaz\/wp-json\/wp\/v2\/types\/page"}],"author":[{"embeddable":true,"href":"https:\/\/pagesperso.g-scop.grenoble-inp.fr\/irenegannaz\/wp-json\/wp\/v2\/users\/20"}],"replies":[{"embeddable":true,"href":"https:\/\/pagesperso.g-scop.grenoble-inp.fr\/irenegannaz\/wp-json\/wp\/v2\/comments?post=119"}],"version-history":[{"count":18,"href":"https:\/\/pagesperso.g-scop.grenoble-inp.fr\/irenegannaz\/wp-json\/wp\/v2\/pages\/119\/revisions"}],"predecessor-version":[{"id":340,"href":"https:\/\/pagesperso.g-scop.grenoble-inp.fr\/irenegannaz\/wp-json\/wp\/v2\/pages\/119\/revisions\/340"}],"up":[{"embeddable":true,"href":"https:\/\/pagesperso.g-scop.grenoble-inp.fr\/irenegannaz\/wp-json\/wp\/v2\/pages\/8"}],"wp:featuredmedia":[{"embeddable":true,"href":"https:\/\/pagesperso.g-scop.grenoble-inp.fr\/irenegannaz\/wp-json\/wp\/v2\/media\/146"}],"wp:attachment":[{"href":"https:\/\/pagesperso.g-scop.grenoble-inp.fr\/irenegannaz\/wp-json\/wp\/v2\/media?parent=119"}],"curies":[{"name":"wp","href":"https:\/\/api.w.org\/{rel}","templated":true}]}}